{"id":31,"date":"2011-05-03T08:10:05","date_gmt":"2011-05-03T08:10:05","guid":{"rendered":"http:\/\/www.uki-kowalczyk.home.pl\/wp\/?page_id=31"},"modified":"2011-05-16T17:06:14","modified_gmt":"2011-05-16T16:06:14","slug":"bramy-garazowe","status":"publish","type":"page","link":"http:\/\/www.napedy.abw-serwis.pl\/?page_id=31","title":{"rendered":"Bramy gara\u017cowe"},"content":{"rendered":"<p style=\"text-align: center;\"><strong>Komfort i bezpiecze\u0144stwo w Twoim domu.<\/strong><\/p>\n<p><img loading=\"lazy\" decoding=\"async\" class=\"aligncenter\" src=\"http:\/\/www.napedy.abw-serwis.pl\/wp-content\/themes\/Sensation\/images\/strony\/garazowe.jpg\" alt=\"\" width=\"500\" height=\"266\" \/><\/p>\n<p>Wysiadanie z samochodu, \u017ceby otworzy\u0107 bram\u0119 gara\u017cow\u0105 w \u015brodku nocy lub gdy wieje i pada, nie nale\u017cy do przyjemno\u015bci. Dzi\u0119ki nap\u0119dom firmy Came, Ditec oraz Nice masz ca\u0142y czas &#8220;wolny przejazd&#8221;. W ten spos\u00f3b przy pomocy pilota szybko, <strong>wygodnie i bezpiecznie<\/strong> otworzysz swoj\u0105 bram\u0119 gara\u017cow\u0105 i wjazdow\u0105, nie wysiadaj\u0105c z samochodu. Came, Ditec oraz Nice oferuje <strong>innowacyjn\u0105 technologi\u0119<\/strong> nap\u0119d\u00f3w: komfortowy i szybkie otwieranie i zamykanie.<\/p>\n","protected":false},"excerpt":{"rendered":"<p>Komfort i bezpiecze\u0144stwo w Twoim domu. Wysiadanie z samochodu, \u017ceby otworzy\u0107 bram\u0119 gara\u017cow\u0105 w \u015brodku nocy lub gdy wieje i pada, nie nale\u017cy do przyjemno\u015bci. Dzi\u0119ki nap\u0119dom firmy Came, Ditec oraz Nice masz ca\u0142y czas &#8220;wolny przejazd&#8221;. W ten spos\u00f3b przy pomocy pilota szybko, wygodnie i bezpiecznie otworzysz swoj\u0105 bram\u0119 gara\u017cow\u0105 i wjazdow\u0105, nie wysiadaj\u0105c [&hellip;]<\/p>\n","protected":false},"author":3,"featured_media":0,"parent":0,"menu_order":1,"comment_status":"open","ping_status":"open","template":"","meta":{"footnotes":""},"class_list":["post-31","page","type-page","status-publish","hentry"],"_links":{"self":[{"href":"http:\/\/www.napedy.abw-serwis.pl\/index.php?rest_route=\/wp\/v2\/pages\/31","targetHints":{"allow":["GET"]}}],"collection":[{"href":"http:\/\/www.napedy.abw-serwis.pl\/index.php?rest_route=\/wp\/v2\/pages"}],"about":[{"href":"http:\/\/www.napedy.abw-serwis.pl\/index.php?rest_route=\/wp\/v2\/types\/page"}],"author":[{"embeddable":true,"href":"http:\/\/www.napedy.abw-serwis.pl\/index.php?rest_route=\/wp\/v2\/users\/3"}],"replies":[{"embeddable":true,"href":"http:\/\/www.napedy.abw-serwis.pl\/index.php?rest_route=%2Fwp%2Fv2%2Fcomments&post=31"}],"version-history":[{"count":8,"href":"http:\/\/www.napedy.abw-serwis.pl\/index.php?rest_route=\/wp\/v2\/pages\/31\/revisions"}],"predecessor-version":[{"id":125,"href":"http:\/\/www.napedy.abw-serwis.pl\/index.php?rest_route=\/wp\/v2\/pages\/31\/revisions\/125"}],"wp:attachment":[{"href":"http:\/\/www.napedy.abw-serwis.pl\/index.php?rest_route=%2Fwp%2Fv2%2Fmedia&parent=31"}],"curies":[{"name":"wp","href":"https:\/\/api.w.org\/{rel}","templated":true}]}}